{"id":5089,"date":"2023-04-25T16:53:20","date_gmt":"2023-04-25T14:53:20","guid":{"rendered":"https:\/\/www.staedtebau-chemnitz.de\/?page_id=5089"},"modified":"2023-11-07T18:45:47","modified_gmt":"2023-11-07T17:45:47","slug":"andrea-alter","status":"publish","type":"page","link":"https:\/\/www.staedtebau-chemnitz.de\/index.php\/andrea-alter\/","title":{"rendered":"Andrea Alter"},"content":{"rendered":"<div class=\"fusion-fullwidth fullwidth-box fusion-builder-row-1 fusion-flex-container has-pattern-background has-mask-background nonhundred-percent-fullwidth non-hundred-percent-height-scrolling\" style=\"--awb-border-radius-top-left:0px;--awb-border-radius-top-right:0px;--awb-border-radius-bottom-right:0px;--awb-border-radius-bottom-left:0px;--awb-flex-wrap:wrap;\" ><div class=\"fusion-builder-row fusion-row fusion-flex-align-items-flex-start fusion-flex-content-wrap\" style=\"max-width:1248px;margin-left: calc(-4% \/ 2 );margin-right: calc(-4% \/ 2 );\"><div class=\"fusion-layout-column fusion_builder_column fusion-builder-column-0 fusion_builder_column_1_2 1_2 fusion-flex-column\" style=\"--awb-bg-size:cover;--awb-width-large:50%;--awb-margin-top-large:0px;--awb-spacing-right-large:3.84%;--awb-margin-bottom-large:20px;--awb-spacing-left-large:3.84%;--awb-width-medium:50%;--awb-order-medium:0;--awb-spacing-right-medium:3.84%;--awb-spacing-left-medium:3.84%;--awb-width-small:100%;--awb-order-small:0;--awb-spacing-right-small:1.92%;--awb-spacing-left-small:1.92%;\"><div class=\"fusion-column-wrapper fusion-column-has-shadow fusion-flex-justify-content-flex-start fusion-content-layout-column\"><div class=\"fusion-separator fusion-full-width-sep\" style=\"align-self: center;margin-left: auto;margin-right: auto;margin-bottom:45px;width:100%;\"><\/div><div class=\"fusion-slider-sc\"><div class=\"fusion-flexslider-loading flexslider flexslider-hover-type-none\" data-slideshow_autoplay=\"1\" data-slideshow_smooth_height=\"0\" data-slideshow_speed=\"7000\" style=\"max-width:100%;height:100%;\"><ul class=\"slides\"><li class=\"image\"><span class=\"fusion-image-hover-element hover-type-none\"><img decoding=\"async\" src=\"https:\/\/www.staedtebau-chemnitz.de\/wp-content\/uploads\/2023\/04\/ANS-19-1.jpg\" alt=\"Andrea Alter begr\u00fcnte Pergola Markersdorf Landschaftsarchitektin B\u00fcro f\u00fcr St\u00e4dtebau GmbH Chemnitz Stadtplanungsb\u00fcro\" width=\"500\" height=\"375\" class=\"wp-image-5119\" srcset=\"https:\/\/www.staedtebau-chemnitz.de\/wp-content\/uploads\/2023\/04\/ANS-19-1-200x150.jpg 200w, https:\/\/www.staedtebau-chemnitz.de\/wp-content\/uploads\/2023\/04\/ANS-19-1-400x300.jpg 400w, https:\/\/www.staedtebau-chemnitz.de\/wp-content\/uploads\/2023\/04\/ANS-19-1.jpg 500w\" sizes=\"(max-width: 640px) 100vw, 500px\" \/><\/span><\/li><li class=\"image\"><span class=\"fusion-image-hover-element hover-type-none\"><img decoding=\"async\" src=\"https:\/\/www.staedtebau-chemnitz.de\/wp-content\/uploads\/2023\/04\/ANS-19-2.jpg\" alt=\"Liegen im Garten Alfred-Neubert-Strasse 19 Chemnitz Andrea Alter Landschaftsarchitektin B\u00fcro f\u00fcr St\u00e4dtebau GmbH Chemnitz Stadtplanungsb\u00fcro\" width=\"500\" height=\"375\" class=\"wp-image-5120\" srcset=\"https:\/\/www.staedtebau-chemnitz.de\/wp-content\/uploads\/2023\/04\/ANS-19-2-200x150.jpg 200w, https:\/\/www.staedtebau-chemnitz.de\/wp-content\/uploads\/2023\/04\/ANS-19-2-400x300.jpg 400w, https:\/\/www.staedtebau-chemnitz.de\/wp-content\/uploads\/2023\/04\/ANS-19-2.jpg 500w\" sizes=\"(max-width: 640px) 100vw, 500px\" \/><\/span><\/li><li class=\"image\"><span class=\"fusion-image-hover-element hover-type-none\"><img decoding=\"async\" src=\"https:\/\/www.staedtebau-chemnitz.de\/wp-content\/uploads\/2023\/04\/SP-Eisenweg-4.jpg\" alt=\"Spielplatz Eisenweg Andrea Alter Freie Landschaftsarchitektin B\u00fcro f\u00fcr St\u00e4dtebau GmbH Chemnitz Stadtplanungsb\u00fcro\" width=\"659\" height=\"375\" class=\"wp-image-5121\" srcset=\"https:\/\/www.staedtebau-chemnitz.de\/wp-content\/uploads\/2023\/04\/SP-Eisenweg-4-200x114.jpg 200w, https:\/\/www.staedtebau-chemnitz.de\/wp-content\/uploads\/2023\/04\/SP-Eisenweg-4-400x228.jpg 400w, https:\/\/www.staedtebau-chemnitz.de\/wp-content\/uploads\/2023\/04\/SP-Eisenweg-4-600x341.jpg 600w, https:\/\/www.staedtebau-chemnitz.de\/wp-content\/uploads\/2023\/04\/SP-Eisenweg-4.jpg 659w\" sizes=\"(max-width: 640px) 100vw, 600px\" \/><\/span><\/li><li class=\"image\"><span class=\"fusion-image-hover-element hover-type-none\"><img decoding=\"async\" src=\"https:\/\/www.staedtebau-chemnitz.de\/wp-content\/uploads\/2023\/04\/SP-Rabenholz-5.jpg\" alt=\"Rabenholz 5 Chemnitz Andrea Alter Landschaftsarchitektin B\u00fcro f\u00fcr St\u00e4dtebau GmbH Chemnitz Stadtplanungsb\u00fcro\" width=\"500\" height=\"375\" class=\"wp-image-5122\" srcset=\"https:\/\/www.staedtebau-chemnitz.de\/wp-content\/uploads\/2023\/04\/SP-Rabenholz-5-200x150.jpg 200w, https:\/\/www.staedtebau-chemnitz.de\/wp-content\/uploads\/2023\/04\/SP-Rabenholz-5-400x300.jpg 400w, https:\/\/www.staedtebau-chemnitz.de\/wp-content\/uploads\/2023\/04\/SP-Rabenholz-5.jpg 500w\" sizes=\"(max-width: 640px) 100vw, 500px\" \/><\/span><\/li><li class=\"image\"><span class=\"fusion-image-hover-element hover-type-none\"><img decoding=\"async\" src=\"https:\/\/www.staedtebau-chemnitz.de\/wp-content\/uploads\/2023\/08\/Bahnhofsvorplatz.jpg\" alt=\"Bahnhofsvorplatz Chemnitz Platzvisionen in Bewegung Andrea Alter Hedda Schork Architektenkammer Sachsen Kulturhauptstadt Chemnitz B\u00fcro f\u00fcr St\u00e4dtebau GmbH Chemnitz Stadtplanungsb\u00fcro\" width=\"1200\" height=\"938\" class=\"wp-image-6778\" srcset=\"https:\/\/www.staedtebau-chemnitz.de\/wp-content\/uploads\/2023\/08\/Bahnhofsvorplatz-200x156.jpg 200w, https:\/\/www.staedtebau-chemnitz.de\/wp-content\/uploads\/2023\/08\/Bahnhofsvorplatz-400x313.jpg 400w, https:\/\/www.staedtebau-chemnitz.de\/wp-content\/uploads\/2023\/08\/Bahnhofsvorplatz-600x469.jpg 600w, https:\/\/www.staedtebau-chemnitz.de\/wp-content\/uploads\/2023\/08\/Bahnhofsvorplatz-800x625.jpg 800w, https:\/\/www.staedtebau-chemnitz.de\/wp-content\/uploads\/2023\/08\/Bahnhofsvorplatz.jpg 1200w\" sizes=\"(max-width: 640px) 100vw, 600px\" \/><\/span><\/li><li class=\"image\"><span class=\"fusion-image-hover-element hover-type-none\"><img decoding=\"async\" src=\"https:\/\/www.staedtebau-chemnitz.de\/wp-content\/uploads\/2023\/04\/Logo-planA-oText-scaled.jpg\" alt=\"Logo Andrea Alter Freie Landschaftsarchitektin B\u00fcro f\u00fcr St\u00e4dtebau GmbH Chemnitz Stadtplanungsb\u00fcro\" width=\"2560\" height=\"1102\" class=\"wp-image-5123\" srcset=\"https:\/\/www.staedtebau-chemnitz.de\/wp-content\/uploads\/2023\/04\/Logo-planA-oText-200x86.jpg 200w, https:\/\/www.staedtebau-chemnitz.de\/wp-content\/uploads\/2023\/04\/Logo-planA-oText-400x172.jpg 400w, https:\/\/www.staedtebau-chemnitz.de\/wp-content\/uploads\/2023\/04\/Logo-planA-oText-600x258.jpg 600w, https:\/\/www.staedtebau-chemnitz.de\/wp-content\/uploads\/2023\/04\/Logo-planA-oText-800x344.jpg 800w, https:\/\/www.staedtebau-chemnitz.de\/wp-content\/uploads\/2023\/04\/Logo-planA-oText-1200x517.jpg 1200w, https:\/\/www.staedtebau-chemnitz.de\/wp-content\/uploads\/2023\/04\/Logo-planA-oText-scaled.jpg 2560w\" sizes=\"(max-width: 640px) 100vw, 600px\" \/><\/span><\/li><\/ul><\/div><\/div><\/div><\/div><div class=\"fusion-layout-column fusion_builder_column fusion-builder-column-1 fusion_builder_column_1_2 1_2 fusion-flex-column\" style=\"--awb-bg-size:cover;--awb-width-large:50%;--awb-margin-top-large:0px;--awb-spacing-right-large:3.84%;--awb-margin-bottom-large:20px;--awb-spacing-left-large:3.84%;--awb-width-medium:50%;--awb-order-medium:0;--awb-spacing-right-medium:3.84%;--awb-spacing-left-medium:3.84%;--awb-width-small:100%;--awb-order-small:0;--awb-spacing-right-small:1.92%;--awb-spacing-left-small:1.92%;\"><div class=\"fusion-column-wrapper fusion-column-has-shadow fusion-flex-justify-content-flex-start fusion-content-layout-column\"><div class=\"fusion-separator fusion-full-width-sep\" style=\"align-self: center;margin-left: auto;margin-right: auto;margin-bottom:25px;width:100%;\"><\/div><div class=\"fusion-text fusion-text-1\"><h5><strong>ANDREA ALTER<\/strong><\/h5>\n<p><strong>Freie Landschaftsarchitektin<\/strong><\/p>\n<p>Dipl.-Ing. f\u00fcr Landschaftsarchitektur<br \/>\nTechnische Universit\u00e4t Dresden<\/p>\n<p><strong>Leistungen:<\/strong><\/p>\n<ul>\n<li>Planung und Entwicklung von Freir\u00e4umen<\/li>\n<li>Entwicklung von Freifl\u00e4chenmanagementsystemen<\/li>\n<li>Beratung bei Pflege und Verkehrssicherung von Freianlagen und Wohngebieten<\/li>\n<li>Analysen und Bestandserfassungen<\/li>\n<li>Machbarkeitsstudien<\/li>\n<li>Objektplanung von Au\u00dfenanlagen \u2013 Gestaltungskonzeptionen, Genehmigungsplanung, Ausf\u00fchrungsplanung (\u00f6ffentliche Gr\u00fcn- und Freifl\u00e4chen, Wohnumfeld-Gestaltung, Au\u00dfengel\u00e4nde von B\u00fcro- und Verwaltungsbauten,\u00a0Hausg\u00e4rten)<\/li>\n<li>Bauleitung<\/li>\n<li>Teilleistung Landschaftsarchitektur bei st\u00e4dtebaulichen Wettbewerben<\/li>\n<\/ul>\n<p><strong>Mitgliedschaften:<\/strong><\/p>\n<ul>\n<li>Mitglied der Architektenkammer Sachsen<\/li>\n<li>Mitglied des Baukultur f\u00fcr Chemnitz e.V.<\/li>\n<li>Mitglied des Arbeitskreises der Architektenkammergruppe Chemnitz \u201eKulturhauptstadt Chemnitz 2025\u201c<\/li>\n<li>Mitinitiatorin der &#8222;Platzvisionen in Bewegung&#8220; (Schwerpunkte 2023: Bahnhofsvorplatz und Seeberplatz)<\/li>\n<\/ul>\n<\/div><ul style=\"--awb-line-height:27.2px;--awb-icon-width:27.2px;--awb-icon-height:27.2px;--awb-icon-margin:11.2px;--awb-content-margin:38.4px;--awb-circlecolor:var(--awb-color4);--awb-circle-yes-font-size:14.08px;\" class=\"fusion-checklist fusion-checklist-1 fusion-checklist-default type-icons\"><li class=\"fusion-li-item\" style=\"\"><span class=\"icon-wrapper circle-yes\"><i class=\"fusion-li-icon fa-mobile fas\" aria-hidden=\"true\"><\/i><\/span><div class=\"fusion-li-item-content\">\n<p>+ 49 (0)176 56919340<\/p>\n<\/div><\/li><li class=\"fusion-li-item\" style=\"\"><span class=\"icon-wrapper circle-yes\"><i class=\"fusion-li-icon fa-envelope-open-text fas\" aria-hidden=\"true\"><\/i><\/span><div class=\"fusion-li-item-content\">\n<p>andrea.alter[at]planala.de<\/p>\n<\/div><\/li><li class=\"fusion-li-item\" style=\"\"><span class=\"icon-wrapper circle-yes\"><i class=\"fusion-li-icon fa-blog fas\" aria-hidden=\"true\"><\/i><\/span><div class=\"fusion-li-item-content\">\n<p><a href=\"https:\/\/planala.de\/leistungen\/\">www.planala.de<\/a><\/p>\n<\/div><\/li><\/ul><div class=\"fusion-separator fusion-full-width-sep\" style=\"align-self: center;margin-left: auto;margin-right: auto;margin-bottom:50px;width:100%;\"><\/div><div style=\"text-align:left;\"><a class=\"fusion-button button-flat fusion-button-default-size button-default fusion-button-default button-1 fusion-button-default-span fusion-button-default-type\" target=\"_self\" href=\"https:\/\/www.staedtebau-chemnitz.de\/index.php\/team\/\"><span class=\"fusion-button-text\">Zur\u00fcck<\/span><\/a><\/div><\/div><\/div><\/div><\/div>\n","protected":false},"excerpt":{"rendered":"","protected":false},"author":2,"featured_media":0,"parent":0,"menu_order":0,"comment_status":"closed","ping_status":"closed","template":"","meta":{"inline_featured_image":false,"footnotes":""},"class_list":["post-5089","page","type-page","status-publish","hentry"],"yoast_head":"<!-- This site is optimized with the Yoast SEO plugin v27.3 - https:\/\/yoast.com\/product\/yoast-seo-wordpress\/ -->\n<title>Andrea Alter Landschaftsarchitektur Stadtplanungsb\u00fcroAndrea Alter - B\u00fcro f\u00fcr St\u00e4dtebau GmbH Chemnitz<\/title>\n<meta name=\"description\" content=\"Andrea Alter - freie Landschaftsarchitektin im Bereich der Landschaftsarchitektur im B\u00fcro f\u00fcr St\u00e4dtebau GmbH Chemnitz\" \/>\n<meta name=\"robots\" content=\"index, follow, max-snippet:-1, max-image-preview:large, max-video-preview:-1\" \/>\n<link rel=\"canonical\" href=\"https:\/\/www.staedtebau-chemnitz.de\/index.php\/andrea-alter\/\" \/>\n<meta property=\"og:locale\" content=\"de_DE\" \/>\n<meta property=\"og:type\" content=\"article\" \/>\n<meta property=\"og:title\" content=\"Andrea Alter Landschaftsarchitektur Stadtplanungsb\u00fcroAndrea Alter - B\u00fcro f\u00fcr St\u00e4dtebau GmbH Chemnitz\" \/>\n<meta property=\"og:description\" content=\"Andrea Alter - freie Landschaftsarchitektin im Bereich der Landschaftsarchitektur im B\u00fcro f\u00fcr St\u00e4dtebau GmbH Chemnitz\" \/>\n<meta property=\"og:url\" content=\"https:\/\/www.staedtebau-chemnitz.de\/index.php\/andrea-alter\/\" \/>\n<meta property=\"og:site_name\" content=\"B\u00fcro f\u00fcr St\u00e4dtebau GmbH Chemnitz\" \/>\n<meta property=\"article:modified_time\" content=\"2023-11-07T17:45:47+00:00\" \/>\n<meta name=\"twitter:card\" content=\"summary_large_image\" \/>\n<meta name=\"twitter:label1\" content=\"Gesch\u00e4tzte Lesezeit\" \/>\n\t<meta name=\"twitter:data1\" content=\"4\u00a0Minuten\" \/>\n<script type=\"application\/ld+json\" class=\"yoast-schema-graph\">{\"@context\":\"https:\\\/\\\/schema.org\",\"@graph\":[{\"@type\":\"WebPage\",\"@id\":\"https:\\\/\\\/www.staedtebau-chemnitz.de\\\/index.php\\\/andrea-alter\\\/\",\"url\":\"https:\\\/\\\/www.staedtebau-chemnitz.de\\\/index.php\\\/andrea-alter\\\/\",\"name\":\"Andrea Alter Landschaftsarchitektur Stadtplanungsb\u00fcroAndrea Alter - B\u00fcro f\u00fcr St\u00e4dtebau GmbH Chemnitz\",\"isPartOf\":{\"@id\":\"https:\\\/\\\/www.staedtebau-chemnitz.de\\\/#website\"},\"datePublished\":\"2023-04-25T14:53:20+00:00\",\"dateModified\":\"2023-11-07T17:45:47+00:00\",\"description\":\"Andrea Alter - freie Landschaftsarchitektin im Bereich der Landschaftsarchitektur im B\u00fcro f\u00fcr St\u00e4dtebau GmbH Chemnitz\",\"breadcrumb\":{\"@id\":\"https:\\\/\\\/www.staedtebau-chemnitz.de\\\/index.php\\\/andrea-alter\\\/#breadcrumb\"},\"inLanguage\":\"de\",\"potentialAction\":[{\"@type\":\"ReadAction\",\"target\":[\"https:\\\/\\\/www.staedtebau-chemnitz.de\\\/index.php\\\/andrea-alter\\\/\"]}]},{\"@type\":\"BreadcrumbList\",\"@id\":\"https:\\\/\\\/www.staedtebau-chemnitz.de\\\/index.php\\\/andrea-alter\\\/#breadcrumb\",\"itemListElement\":[{\"@type\":\"ListItem\",\"position\":1,\"name\":\"Startseite\",\"item\":\"https:\\\/\\\/www.staedtebau-chemnitz.de\\\/\"},{\"@type\":\"ListItem\",\"position\":2,\"name\":\"Andrea Alter\"}]},{\"@type\":\"WebSite\",\"@id\":\"https:\\\/\\\/www.staedtebau-chemnitz.de\\\/#website\",\"url\":\"https:\\\/\\\/www.staedtebau-chemnitz.de\\\/\",\"name\":\"B\u00fcro f\u00fcr St\u00e4dtebau GmbH Chemnitz\",\"description\":\"ganzheitliche Stadtentwicklung Bauleitplanung l\u00e4ndliche Raumplanung\",\"publisher\":{\"@id\":\"https:\\\/\\\/www.staedtebau-chemnitz.de\\\/#organization\"},\"potentialAction\":[{\"@type\":\"SearchAction\",\"target\":{\"@type\":\"EntryPoint\",\"urlTemplate\":\"https:\\\/\\\/www.staedtebau-chemnitz.de\\\/?s={search_term_string}\"},\"query-input\":{\"@type\":\"PropertyValueSpecification\",\"valueRequired\":true,\"valueName\":\"search_term_string\"}}],\"inLanguage\":\"de\"},{\"@type\":\"Organization\",\"@id\":\"https:\\\/\\\/www.staedtebau-chemnitz.de\\\/#organization\",\"name\":\"B\u00fcro f\u00fcr St\u00e4dtebau GmbH Chemnitz\",\"url\":\"https:\\\/\\\/www.staedtebau-chemnitz.de\\\/\",\"logo\":{\"@type\":\"ImageObject\",\"inLanguage\":\"de\",\"@id\":\"https:\\\/\\\/www.staedtebau-chemnitz.de\\\/#\\\/schema\\\/logo\\\/image\\\/\",\"url\":\"https:\\\/\\\/www.staedtebau-chemnitz.de\\\/wp-content\\\/uploads\\\/2022\\\/05\\\/Logo_Staedtebau_4c.png\",\"contentUrl\":\"https:\\\/\\\/www.staedtebau-chemnitz.de\\\/wp-content\\\/uploads\\\/2022\\\/05\\\/Logo_Staedtebau_4c.png\",\"width\":1217,\"height\":1077,\"caption\":\"B\u00fcro f\u00fcr St\u00e4dtebau GmbH Chemnitz\"},\"image\":{\"@id\":\"https:\\\/\\\/www.staedtebau-chemnitz.de\\\/#\\\/schema\\\/logo\\\/image\\\/\"}}]}<\/script>\n<!-- \/ Yoast SEO plugin. -->","yoast_head_json":{"title":"Andrea Alter Landschaftsarchitektur Stadtplanungsb\u00fcroAndrea Alter - B\u00fcro f\u00fcr St\u00e4dtebau GmbH Chemnitz","description":"Andrea Alter - freie Landschaftsarchitektin im Bereich der Landschaftsarchitektur im B\u00fcro f\u00fcr St\u00e4dtebau GmbH Chemnitz","robots":{"index":"index","follow":"follow","max-snippet":"max-snippet:-1","max-image-preview":"max-image-preview:large","max-video-preview":"max-video-preview:-1"},"canonical":"https:\/\/www.staedtebau-chemnitz.de\/index.php\/andrea-alter\/","og_locale":"de_DE","og_type":"article","og_title":"Andrea Alter Landschaftsarchitektur Stadtplanungsb\u00fcroAndrea Alter - B\u00fcro f\u00fcr St\u00e4dtebau GmbH Chemnitz","og_description":"Andrea Alter - freie Landschaftsarchitektin im Bereich der Landschaftsarchitektur im B\u00fcro f\u00fcr St\u00e4dtebau GmbH Chemnitz","og_url":"https:\/\/www.staedtebau-chemnitz.de\/index.php\/andrea-alter\/","og_site_name":"B\u00fcro f\u00fcr St\u00e4dtebau GmbH Chemnitz","article_modified_time":"2023-11-07T17:45:47+00:00","twitter_card":"summary_large_image","twitter_misc":{"Gesch\u00e4tzte Lesezeit":"4\u00a0Minuten"},"schema":{"@context":"https:\/\/schema.org","@graph":[{"@type":"WebPage","@id":"https:\/\/www.staedtebau-chemnitz.de\/index.php\/andrea-alter\/","url":"https:\/\/www.staedtebau-chemnitz.de\/index.php\/andrea-alter\/","name":"Andrea Alter Landschaftsarchitektur Stadtplanungsb\u00fcroAndrea Alter - B\u00fcro f\u00fcr St\u00e4dtebau GmbH Chemnitz","isPartOf":{"@id":"https:\/\/www.staedtebau-chemnitz.de\/#website"},"datePublished":"2023-04-25T14:53:20+00:00","dateModified":"2023-11-07T17:45:47+00:00","description":"Andrea Alter - freie Landschaftsarchitektin im Bereich der Landschaftsarchitektur im B\u00fcro f\u00fcr St\u00e4dtebau GmbH Chemnitz","breadcrumb":{"@id":"https:\/\/www.staedtebau-chemnitz.de\/index.php\/andrea-alter\/#breadcrumb"},"inLanguage":"de","potentialAction":[{"@type":"ReadAction","target":["https:\/\/www.staedtebau-chemnitz.de\/index.php\/andrea-alter\/"]}]},{"@type":"BreadcrumbList","@id":"https:\/\/www.staedtebau-chemnitz.de\/index.php\/andrea-alter\/#breadcrumb","itemListElement":[{"@type":"ListItem","position":1,"name":"Startseite","item":"https:\/\/www.staedtebau-chemnitz.de\/"},{"@type":"ListItem","position":2,"name":"Andrea Alter"}]},{"@type":"WebSite","@id":"https:\/\/www.staedtebau-chemnitz.de\/#website","url":"https:\/\/www.staedtebau-chemnitz.de\/","name":"B\u00fcro f\u00fcr St\u00e4dtebau GmbH Chemnitz","description":"ganzheitliche Stadtentwicklung Bauleitplanung l\u00e4ndliche Raumplanung","publisher":{"@id":"https:\/\/www.staedtebau-chemnitz.de\/#organization"},"potentialAction":[{"@type":"SearchAction","target":{"@type":"EntryPoint","urlTemplate":"https:\/\/www.staedtebau-chemnitz.de\/?s={search_term_string}"},"query-input":{"@type":"PropertyValueSpecification","valueRequired":true,"valueName":"search_term_string"}}],"inLanguage":"de"},{"@type":"Organization","@id":"https:\/\/www.staedtebau-chemnitz.de\/#organization","name":"B\u00fcro f\u00fcr St\u00e4dtebau GmbH Chemnitz","url":"https:\/\/www.staedtebau-chemnitz.de\/","logo":{"@type":"ImageObject","inLanguage":"de","@id":"https:\/\/www.staedtebau-chemnitz.de\/#\/schema\/logo\/image\/","url":"https:\/\/www.staedtebau-chemnitz.de\/wp-content\/uploads\/2022\/05\/Logo_Staedtebau_4c.png","contentUrl":"https:\/\/www.staedtebau-chemnitz.de\/wp-content\/uploads\/2022\/05\/Logo_Staedtebau_4c.png","width":1217,"height":1077,"caption":"B\u00fcro f\u00fcr St\u00e4dtebau GmbH Chemnitz"},"image":{"@id":"https:\/\/www.staedtebau-chemnitz.de\/#\/schema\/logo\/image\/"}}]}},"_links":{"self":[{"href":"https:\/\/www.staedtebau-chemnitz.de\/index.php\/wp-json\/wp\/v2\/pages\/5089","targetHints":{"allow":["GET"]}}],"collection":[{"href":"https:\/\/www.staedtebau-chemnitz.de\/index.php\/wp-json\/wp\/v2\/pages"}],"about":[{"href":"https:\/\/www.staedtebau-chemnitz.de\/index.php\/wp-json\/wp\/v2\/types\/page"}],"author":[{"embeddable":true,"href":"https:\/\/www.staedtebau-chemnitz.de\/index.php\/wp-json\/wp\/v2\/users\/2"}],"replies":[{"embeddable":true,"href":"https:\/\/www.staedtebau-chemnitz.de\/index.php\/wp-json\/wp\/v2\/comments?post=5089"}],"version-history":[{"count":19,"href":"https:\/\/www.staedtebau-chemnitz.de\/index.php\/wp-json\/wp\/v2\/pages\/5089\/revisions"}],"predecessor-version":[{"id":7649,"href":"https:\/\/www.staedtebau-chemnitz.de\/index.php\/wp-json\/wp\/v2\/pages\/5089\/revisions\/7649"}],"wp:attachment":[{"href":"https:\/\/www.staedtebau-chemnitz.de\/index.php\/wp-json\/wp\/v2\/media?parent=5089"}],"curies":[{"name":"wp","href":"https:\/\/api.w.org\/{rel}","templated":true}]}}